{"id":138,"date":"2023-01-25T11:15:45","date_gmt":"2023-01-25T11:15:45","guid":{"rendered":"https:\/\/adaptabc.es\/?page_id=138"},"modified":"2023-01-25T21:23:30","modified_gmt":"2023-01-25T21:23:30","slug":"sobre-nosotros","status":"publish","type":"page","link":"https:\/\/adaptabc.es\/en\/sobre-nosotros","title":{"rendered":"Sobre Nosotros"},"content":{"rendered":"<p>[et_pb_section fb_built=\u00bb1&#8243; _builder_version=\u00bb4.19.4&#8243; _module_preset=\u00bbdefault\u00bb hover_enabled=\u00bb0&#8243; global_colors_info=\u00bb{}\u00bb sticky_enabled=\u00bb0&#8243; background_enable_color=\u00bboff\u00bb][et_pb_row column_structure=\u00bb2_5,3_5&#8243; _builder_version=\u00bb4.19.4&#8243; _module_preset=\u00bbdefault\u00bb hover_enabled=\u00bb0&#8243; global_colors_info=\u00bb{}\u00bb sticky_enabled=\u00bb0&#8243;][et_pb_column type=\u00bb2_5&#8243; _builder_version=\u00bb4.19.4&#8243; _module_preset=\u00bbdefault\u00bb global_colors_info=\u00bb{}\u00bb][et_pb_text _builder_version=\u00bb4.19.4&#8243; _module_preset=\u00bbdefault\u00bb hover_enabled=\u00bb0&#8243; global_colors_info=\u00bb{}\u00bb header_2_font=\u00bbAbel|700|||||||\u00bb header_2_font_size=\u00bb29px\u00bb header_2_text_color=\u00bb#ee7200&#8243; sticky_enabled=\u00bb0&#8243;]<\/p>\n<h2 class=\"av-special-heading-tag\" itemprop=\"headline\">P R O A C T I V I D A D<\/h2>\n<p>[\/et_pb_text][\/et_pb_column][et_pb_column type=\u00bb3_5&#8243; _builder_version=\u00bb4.19.4&#8243; _module_preset=\u00bbdefault\u00bb global_colors_info=\u00bb{}\u00bb][et_pb_text _builder_version=\u00bb4.19.4&#8243; _module_preset=\u00bbdefault\u00bb hover_enabled=\u00bb0&#8243; global_colors_info=\u00bb{}\u00bb text_font=\u00bbAbel||||||||\u00bb text_font_size=\u00bb18px\u00bb sticky_enabled=\u00bb0&#8243;]<\/p>\n<p><span>Nuestros servicios se centran en la gesti\u00f3n integral proactiva de todas las fuentes de financiaci\u00f3n para la investigaci\u00f3n desarrollo e innovaci\u00f3n, tambi\u00e9n en la definici\u00f3n de estrategias avanzadas de innovaci\u00f3n y en la sistematizaci\u00f3n del proceso de innovaci\u00f3n para su fomento dentro de las empresas y la sociedad. Este asesoramiento se personaliza seg\u00fan la tipolog\u00eda, dimensi\u00f3n y necesidad de la empresa.<\/span><\/p>\n<p>[\/et_pb_text][\/et_pb_column][\/et_pb_row][\/et_pb_section][et_pb_section fb_built=\u00bb1&#8243; _builder_version=\u00bb4.19.4&#8243; _module_preset=\u00bbdefault\u00bb hover_enabled=\u00bb0&#8243; global_colors_info=\u00bb{}\u00bb background_enable_color=\u00bboff\u00bb sticky_enabled=\u00bb0&#8243;][et_pb_row column_structure=\u00bb2_3,1_3&#8243; _builder_version=\u00bb4.19.4&#8243; _module_preset=\u00bbdefault\u00bb hover_enabled=\u00bb0&#8243; global_colors_info=\u00bb{}\u00bb sticky_enabled=\u00bb0&#8243; width=\u00bb90%\u00bb][et_pb_column type=\u00bb2_3&#8243; _builder_version=\u00bb4.19.4&#8243; _module_preset=\u00bbdefault\u00bb global_colors_info=\u00bb{}\u00bb][et_pb_text _builder_version=\u00bb4.19.4&#8243; _module_preset=\u00bbdefault\u00bb hover_enabled=\u00bb0&#8243; global_colors_info=\u00bb{}\u00bb text_font=\u00bbAbel||||||||\u00bb text_font_size=\u00bb18px\u00bb sticky_enabled=\u00bb0&#8243;]<\/p>\n<p><span>Nuestros servicios se centran en la gesti\u00f3n integral proactiva de todas las fuentes de financiaci\u00f3n para la investigaci\u00f3n desarrollo e innovaci\u00f3n, tambi\u00e9n en la definici\u00f3n de estrategias avanzadas de innovaci\u00f3n y en la sistematizaci\u00f3n del proceso de innovaci\u00f3n para su fomento dentro de las empresas y la sociedad. Este asesoramiento se personaliza seg\u00fan la tipolog\u00eda, dimensi\u00f3n y necesidad de la empresa.<\/span><\/p>\n<p>[\/et_pb_text][\/et_pb_column][et_pb_column type=\u00bb1_3&#8243; _builder_version=\u00bb4.19.4&#8243; _module_preset=\u00bbdefault\u00bb global_colors_info=\u00bb{}\u00bb][et_pb_text _builder_version=\u00bb4.19.4&#8243; _module_preset=\u00bbdefault\u00bb hover_enabled=\u00bb0&#8243; global_colors_info=\u00bb{}\u00bb header_2_font=\u00bbAbel|700|||||||\u00bb header_2_font_size=\u00bb29px\u00bb header_2_text_color=\u00bb#ee7200&#8243; sticky_enabled=\u00bb0&#8243;]<\/p>\n<h2 class=\"av-special-heading-tag\" itemprop=\"headline\">C O N F I D E N C I A L I D A D<\/h2>\n<p>[\/et_pb_text][\/et_pb_column][\/et_pb_row][\/et_pb_section][et_pb_section fb_built=\u00bb1&#8243; _builder_version=\u00bb4.19.4&#8243; _module_preset=\u00bbdefault\u00bb hover_enabled=\u00bb0&#8243; global_colors_info=\u00bb{}\u00bb background_enable_color=\u00bboff\u00bb sticky_enabled=\u00bb0&#8243;][et_pb_row column_structure=\u00bb2_5,3_5&#8243; _builder_version=\u00bb4.19.4&#8243; _module_preset=\u00bbdefault\u00bb hover_enabled=\u00bb0&#8243; global_colors_info=\u00bb{}\u00bb width=\u00bb90%\u00bb sticky_enabled=\u00bb0&#8243;][et_pb_column type=\u00bb2_5&#8243; _builder_version=\u00bb4.19.4&#8243; _module_preset=\u00bbdefault\u00bb global_colors_info=\u00bb{}\u00bb][et_pb_text _builder_version=\u00bb4.19.4&#8243; _module_preset=\u00bbdefault\u00bb hover_enabled=\u00bb0&#8243; global_colors_info=\u00bb{}\u00bb header_2_font=\u00bbAbel|700|||||||\u00bb header_2_text_color=\u00bb#ee7200&#8243; header_2_font_size=\u00bb30px\u00bb sticky_enabled=\u00bb0&#8243;]<\/p>\n<div class=\"flex_column av-46koq0-e625789d938743d151aaf0abd1ae5da5 av_one_half  avia-builder-el-16  el_before_av_one_half  avia-builder-el-first  first flex_column_div \">\n<div class=\"av-special-heading av-3uisco-3fc2366b34044d92d9009dc5ac6c57fb av-special-heading-h2 custom-color-heading blockquote modern-quote modern-centered  avia-builder-el-18  el_after_av_hr  avia-builder-el-last  av-inherit-size\">\n<h2 class=\"av-special-heading-tag\" itemprop=\"headline\">C O M P E T I T I V I D A D<\/h2>\n<\/div>\n<\/div>\n<div class=\"flex_column av-3q58a8-2e48a007efe13a01d036f709e33b180b av_one_half  avia-builder-el-19  el_after_av_one_half  avia-builder-el-last  flex_column_div \">\n<section class=\"av_textblock_section av-d08ww-b8c38fc5bb009ed65378fb51fcb8efc5\" itemscope=\"itemscope\" itemtype=\"https:\/\/schema.org\/CreativeWork\">\n<div class=\"avia_textblock\" itemprop=\"text\"><\/div>\n<\/section>\n<\/div>\n<p>[\/et_pb_text][\/et_pb_column][et_pb_column type=\u00bb3_5&#8243; _builder_version=\u00bb4.19.4&#8243; _module_preset=\u00bbdefault\u00bb global_colors_info=\u00bb{}\u00bb][et_pb_text _builder_version=\u00bb4.19.4&#8243; _module_preset=\u00bbdefault\u00bb hover_enabled=\u00bb0&#8243; global_colors_info=\u00bb{}\u00bb text_font=\u00bbAbel||||||||\u00bb text_font_size=\u00bb17px\u00bb sticky_enabled=\u00bb0&#8243;]En ADAPTA colaboramos activamente con universidades y centros tecnol\u00f3gicos (entidades generadoras de conocimiento), con nuestros principales clientes (las empresas), y con los diferentes organismos de la administraci\u00f3n que promueven la innovaci\u00f3n en el tejido empresarial y las relaciones Universidad \u2013 Empresa. Fomentamos la innovaci\u00f3n abierta como filosof\u00eda de trabajo entre los diferentes agentes que deben ser los art\u00edfices en incrementar la competitividad de nuestro pa\u00eds.[\/et_pb_text][\/et_pb_column][\/et_pb_row][\/et_pb_section][et_pb_section fb_built=\u00bb1&#8243; _builder_version=\u00bb4.19.4&#8243; _module_preset=\u00bbdefault\u00bb hover_enabled=\u00bb0&#8243; global_colors_info=\u00bb{}\u00bb background_enable_color=\u00bboff\u00bb sticky_enabled=\u00bb0&#8243;][et_pb_row column_structure=\u00bb2_3,1_3&#8243; _builder_version=\u00bb4.19.4&#8243; _module_preset=\u00bbdefault\u00bb global_colors_info=\u00bb{}\u00bb][et_pb_column type=\u00bb2_3&#8243; _builder_version=\u00bb4.19.4&#8243; _module_preset=\u00bbdefault\u00bb global_colors_info=\u00bb{}\u00bb][et_pb_text _builder_version=\u00bb4.19.4&#8243; _module_preset=\u00bbdefault\u00bb hover_enabled=\u00bb0&#8243; global_colors_info=\u00bb{}\u00bb text_font=\u00bbAbel||||||||\u00bb text_font_size=\u00bb18px\u00bb sticky_enabled=\u00bb0&#8243;]<\/p>\n<p><span>Nuestros servicios se centran en la gesti\u00f3n integral proactiva de todas las fuentes de financiaci\u00f3n para la investigaci\u00f3n desarrollo e innovaci\u00f3n, tambi\u00e9n en la definici\u00f3n de estrategias avanzadas de innovaci\u00f3n y en la sistematizaci\u00f3n del proceso de innovaci\u00f3n para su fomento dentro de las empresas y la sociedad. Este asesoramiento se personaliza seg\u00fan la tipolog\u00eda, dimensi\u00f3n y necesidad de la empresa.<\/span><\/p>\n<p>[\/et_pb_text][\/et_pb_column][et_pb_column type=\u00bb1_3&#8243; _builder_version=\u00bb4.19.4&#8243; _module_preset=\u00bbdefault\u00bb global_colors_info=\u00bb{}\u00bb][et_pb_text _builder_version=\u00bb4.19.4&#8243; _module_preset=\u00bbdefault\u00bb hover_enabled=\u00bb0&#8243; global_colors_info=\u00bb{}\u00bb header_2_font=\u00bbAbel|700|||||||\u00bb header_2_text_color=\u00bb#ee7200&#8243; header_2_font_size=\u00bb30px\u00bb sticky_enabled=\u00bb0&#8243;]<\/p>\n<div class=\"flex_column av-46koq0-e625789d938743d151aaf0abd1ae5da5 av_one_half  avia-builder-el-16  el_before_av_one_half  avia-builder-el-first  first flex_column_div \">\n<div class=\"av-special-heading av-3uisco-3fc2366b34044d92d9009dc5ac6c57fb av-special-heading-h2 custom-color-heading blockquote modern-quote modern-centered  avia-builder-el-18  el_after_av_hr  avia-builder-el-last  av-inherit-size\">\n<h2 class=\"av-special-heading-tag\" itemprop=\"headline\">T R A N S P A R E N C I A<\/h2>\n<\/div>\n<\/div>\n<div class=\"flex_column av-3q58a8-2e48a007efe13a01d036f709e33b180b av_one_half  avia-builder-el-19  el_after_av_one_half  avia-builder-el-last  flex_column_div \">\n<section class=\"av_textblock_section av-d08ww-b8c38fc5bb009ed65378fb51fcb8efc5\" itemscope=\"itemscope\" itemtype=\"https:\/\/schema.org\/CreativeWork\">\n<div class=\"avia_textblock\" itemprop=\"text\"><\/div>\n<\/section>\n<\/div>\n<p>[\/et_pb_text][\/et_pb_column][\/et_pb_row][\/et_pb_section][et_pb_section fb_built=\u00bb1&#8243; _builder_version=\u00bb4.19.4&#8243; _module_preset=\u00bbdefault\u00bb global_colors_info=\u00bb{}\u00bb][et_pb_row column_structure=\u00bb1_2,1_2&#8243; _builder_version=\u00bb4.19.4&#8243; _module_preset=\u00bbdefault\u00bb global_colors_info=\u00bb{}\u00bb][et_pb_column type=\u00bb1_2&#8243; _builder_version=\u00bb4.19.4&#8243; _module_preset=\u00bbdefault\u00bb global_colors_info=\u00bb{}\u00bb][et_pb_text _builder_version=\u00bb4.19.4&#8243; _module_preset=\u00bbdefault\u00bb global_colors_info=\u00bb{}\u00bb]<\/p>\n<h1><span>VISI\u00d3N<\/span><\/h1>\n<p><span>Transformar el conocimiento sobre la tecnolog\u00eda, digitalizaci\u00f3n e innovaci\u00f3n en VALOR para nuestros clientes mediante servicios de calidad y excelencia en tecnolog\u00eda, permitiendo un crecimiento sostenible de la empresa y el desarrollo de las competencias tecnol\u00f3gicas de nuestros trabajadores.<\/span><\/p>\n<p>[\/et_pb_text][\/et_pb_column][et_pb_column type=\u00bb1_2&#8243; _builder_version=\u00bb4.19.4&#8243; _module_preset=\u00bbdefault\u00bb global_colors_info=\u00bb{}\u00bb][et_pb_text _builder_version=\u00bb4.19.4&#8243; _module_preset=\u00bbdefault\u00bb global_colors_info=\u00bb{}\u00bb]<\/p>\n<h1>M I S I \u00d3 N<\/h1>\n<div id=\"av_section_7\" class=\"avia-section av-15ci2w-d0310af67cf3132581f07922599c0686 main_color avia-section-default avia-no-shadow  avia-builder-el-35  el_after_av_section  avia-builder-el-last  av-parallax-section avia-bg-style-parallax av-minimum-height av-minimum-height-50  container_wrap fullsize\" data-section-bg-repeat=\"no-repeat\" data-av_minimum_height_pc=\"50\">\n<div class=\"av-parallax active-parallax enabled-parallax \" data-avia-parallax-ratio=\"0.3\"><\/div>\n<\/div>\n<p><span>Nuestra misi\u00f3n es ofrecer un servicio de consultor\u00eda profesional, donde la elevada calidad de nuestros productos y servicios sea la base de nuestra diferenciaci\u00f3n, con el claro objetivo de ayudar a las empresas a hacer de la innovaci\u00f3n un factor clave en la mejora de su competitividad. Hallar soluciones globales a las necesidades en t\u00e9rminos de innovaci\u00f3n de nuestros clientes es nuestra prioridad.<\/span><\/p>\n<p>[\/et_pb_text][\/et_pb_column][\/et_pb_row][\/et_pb_section]<\/p>\n","protected":false},"excerpt":{"rendered":"<p>P R O A C T I V I D A DNuestros servicios se centran en la gesti\u00f3n integral proactiva de todas las fuentes de financiaci\u00f3n para la investigaci\u00f3n desarrollo e innovaci\u00f3n, tambi\u00e9n en la definici\u00f3n de estrategias avanzadas de innovaci\u00f3n y en la sistematizaci\u00f3n del proceso de innovaci\u00f3n para su fomento dentro de las [&hellip;]<\/p>\n","protected":false},"author":1,"featured_media":0,"parent":0,"menu_order":0,"comment_status":"closed","ping_status":"closed","template":"","meta":{"_et_pb_use_builder":"on","_et_pb_old_content":"","_et_gb_content_width":"","_joinchat":[],"footnotes":""},"class_list":["post-138","page","type-page","status-publish","hentry"],"_links":{"self":[{"href":"https:\/\/adaptabc.es\/en\/wp-json\/wp\/v2\/pages\/138","targetHints":{"allow":["GET"]}}],"collection":[{"href":"https:\/\/adaptabc.es\/en\/wp-json\/wp\/v2\/pages"}],"about":[{"href":"https:\/\/adaptabc.es\/en\/wp-json\/wp\/v2\/types\/page"}],"author":[{"embeddable":true,"href":"https:\/\/adaptabc.es\/en\/wp-json\/wp\/v2\/users\/1"}],"replies":[{"embeddable":true,"href":"https:\/\/adaptabc.es\/en\/wp-json\/wp\/v2\/comments?post=138"}],"version-history":[{"count":11,"href":"https:\/\/adaptabc.es\/en\/wp-json\/wp\/v2\/pages\/138\/revisions"}],"predecessor-version":[{"id":270,"href":"https:\/\/adaptabc.es\/en\/wp-json\/wp\/v2\/pages\/138\/revisions\/270"}],"wp:attachment":[{"href":"https:\/\/adaptabc.es\/en\/wp-json\/wp\/v2\/media?parent=138"}],"curies":[{"name":"wp","href":"https:\/\/api.w.org\/{rel}","templated":true}]}}

<p>[et_pb_section fb_built=»1&#8243; _builder_version=»4.19.4&#8243; _module_preset=»default» hover_enabled=»0&#8243; global_colors_info=»{}» sticky_enabled=»0&#8243; background_enable_color=»off»][et_pb_row column_structure=»2_5,3_5&#8243; _builder_version=»4.19.4&#8243; _module_preset=»default» hover_enabled=»0&#8243; global_colors_info=»{}» sticky_enabled=»0&#8243;][et_pb_column type=»2_5&#8243; _builder_version=»4.19.4&#8243; _module_preset=»default» global_colors_info=»{}»][et_pb_text _builder_version=»4.19.4&#8243; _module_preset=»default» hover_enabled=»0&#8243; global_colors_info=»{}» header_2_font=»Abel|700|||||||» header_2_font_size=»29px» header_2_text_color=»#ee7200&#8243; sticky_enabled=»0&#8243;]</p>
<h2 class="av-special-heading-tag" itemprop="headline">P R O A C T I V I D A D</h2>
<p>[/et_pb_text][/et_pb_column][et_pb_column type=»3_5&#8243; _builder_version=»4.19.4&#8243; _module_preset=»default» global_colors_info=»{}»][et_pb_text _builder_version=»4.19.4&#8243; _module_preset=»default» hover_enabled=»0&#8243; global_colors_info=»{}» text_font=»Abel||||||||» text_font_size=»18px» sticky_enabled=»0&#8243;]</p>
<p><span>Nuestros servicios se centran en la gestión integral proactiva de todas las fuentes de financiación para la investigación desarrollo e innovación, también en la definición de estrategias avanzadas de innovación y en la sistematización del proceso de innovación para su fomento dentro de las empresas y la sociedad. Este asesoramiento se personaliza según la tipología, dimensión y necesidad de la empresa.</span></p>
<p>[/et_pb_text][/et_pb_column][/et_pb_row][/et_pb_section][et_pb_section fb_built=»1&#8243; _builder_version=»4.19.4&#8243; _module_preset=»default» hover_enabled=»0&#8243; global_colors_info=»{}» background_enable_color=»off» sticky_enabled=»0&#8243;][et_pb_row column_structure=»2_3,1_3&#8243; _builder_version=»4.19.4&#8243; _module_preset=»default» hover_enabled=»0&#8243; global_colors_info=»{}» sticky_enabled=»0&#8243; width=»90%»][et_pb_column type=»2_3&#8243; _builder_version=»4.19.4&#8243; _module_preset=»default» global_colors_info=»{}»][et_pb_text _builder_version=»4.19.4&#8243; _module_preset=»default» hover_enabled=»0&#8243; global_colors_info=»{}» text_font=»Abel||||||||» text_font_size=»18px» sticky_enabled=»0&#8243;]</p>
<p><span>Nuestros servicios se centran en la gestión integral proactiva de todas las fuentes de financiación para la investigación desarrollo e innovación, también en la definición de estrategias avanzadas de innovación y en la sistematización del proceso de innovación para su fomento dentro de las empresas y la sociedad. Este asesoramiento se personaliza según la tipología, dimensión y necesidad de la empresa.</span></p>
<p>[/et_pb_text][/et_pb_column][et_pb_column type=»1_3&#8243; _builder_version=»4.19.4&#8243; _module_preset=»default» global_colors_info=»{}»][et_pb_text _builder_version=»4.19.4&#8243; _module_preset=»default» hover_enabled=»0&#8243; global_colors_info=»{}» header_2_font=»Abel|700|||||||» header_2_font_size=»29px» header_2_text_color=»#ee7200&#8243; sticky_enabled=»0&#8243;]</p>
<h2 class="av-special-heading-tag" itemprop="headline">C O N F I D E N C I A L I D A D</h2>
<p>[/et_pb_text][/et_pb_column][/et_pb_row][/et_pb_section][et_pb_section fb_built=»1&#8243; _builder_version=»4.19.4&#8243; _module_preset=»default» hover_enabled=»0&#8243; global_colors_info=»{}» background_enable_color=»off» sticky_enabled=»0&#8243;][et_pb_row column_structure=»2_5,3_5&#8243; _builder_version=»4.19.4&#8243; _module_preset=»default» hover_enabled=»0&#8243; global_colors_info=»{}» width=»90%» sticky_enabled=»0&#8243;][et_pb_column type=»2_5&#8243; _builder_version=»4.19.4&#8243; _module_preset=»default» global_colors_info=»{}»][et_pb_text _builder_version=»4.19.4&#8243; _module_preset=»default» hover_enabled=»0&#8243; global_colors_info=»{}» header_2_font=»Abel|700|||||||» header_2_text_color=»#ee7200&#8243; header_2_font_size=»30px» sticky_enabled=»0&#8243;]</p>
<div class="flex_column av-46koq0-e625789d938743d151aaf0abd1ae5da5 av_one_half  avia-builder-el-16  el_before_av_one_half  avia-builder-el-first  first flex_column_div ">
<div class="av-special-heading av-3uisco-3fc2366b34044d92d9009dc5ac6c57fb av-special-heading-h2 custom-color-heading blockquote modern-quote modern-centered  avia-builder-el-18  el_after_av_hr  avia-builder-el-last  av-inherit-size">
<h2 class="av-special-heading-tag" itemprop="headline">C O M P E T I T I V I D A D</h2>
</div>
</div>
<div class="flex_column av-3q58a8-2e48a007efe13a01d036f709e33b180b av_one_half  avia-builder-el-19  el_after_av_one_half  avia-builder-el-last  flex_column_div ">
<section class="av_textblock_section av-d08ww-b8c38fc5bb009ed65378fb51fcb8efc5" itemscope="itemscope" itemtype="https://schema.org/CreativeWork">
<div class="avia_textblock" itemprop="text"></div>
</section>
</div>
<p>[/et_pb_text][/et_pb_column][et_pb_column type=»3_5&#8243; _builder_version=»4.19.4&#8243; _module_preset=»default» global_colors_info=»{}»][et_pb_text _builder_version=»4.19.4&#8243; _module_preset=»default» hover_enabled=»0&#8243; global_colors_info=»{}» text_font=»Abel||||||||» text_font_size=»17px» sticky_enabled=»0&#8243;]En ADAPTA colaboramos activamente con universidades y centros tecnológicos (entidades generadoras de conocimiento), con nuestros principales clientes (las empresas), y con los diferentes organismos de la administración que promueven la innovación en el tejido empresarial y las relaciones Universidad – Empresa. Fomentamos la innovación abierta como filosofía de trabajo entre los diferentes agentes que deben ser los artífices en incrementar la competitividad de nuestro país.[/et_pb_text][/et_pb_column][/et_pb_row][/et_pb_section][et_pb_section fb_built=»1&#8243; _builder_version=»4.19.4&#8243; _module_preset=»default» hover_enabled=»0&#8243; global_colors_info=»{}» background_enable_color=»off» sticky_enabled=»0&#8243;][et_pb_row column_structure=»2_3,1_3&#8243; _builder_version=»4.19.4&#8243; _module_preset=»default» global_colors_info=»{}»][et_pb_column type=»2_3&#8243; _builder_version=»4.19.4&#8243; _module_preset=»default» global_colors_info=»{}»][et_pb_text _builder_version=»4.19.4&#8243; _module_preset=»default» hover_enabled=»0&#8243; global_colors_info=»{}» text_font=»Abel||||||||» text_font_size=»18px» sticky_enabled=»0&#8243;]</p>
<p><span>Nuestros servicios se centran en la gestión integral proactiva de todas las fuentes de financiación para la investigación desarrollo e innovación, también en la definición de estrategias avanzadas de innovación y en la sistematización del proceso de innovación para su fomento dentro de las empresas y la sociedad. Este asesoramiento se personaliza según la tipología, dimensión y necesidad de la empresa.</span></p>
<p>[/et_pb_text][/et_pb_column][et_pb_column type=»1_3&#8243; _builder_version=»4.19.4&#8243; _module_preset=»default» global_colors_info=»{}»][et_pb_text _builder_version=»4.19.4&#8243; _module_preset=»default» hover_enabled=»0&#8243; global_colors_info=»{}» header_2_font=»Abel|700|||||||» header_2_text_color=»#ee7200&#8243; header_2_font_size=»30px» sticky_enabled=»0&#8243;]</p>
<div class="flex_column av-46koq0-e625789d938743d151aaf0abd1ae5da5 av_one_half  avia-builder-el-16  el_before_av_one_half  avia-builder-el-first  first flex_column_div ">
<div class="av-special-heading av-3uisco-3fc2366b34044d92d9009dc5ac6c57fb av-special-heading-h2 custom-color-heading blockquote modern-quote modern-centered  avia-builder-el-18  el_after_av_hr  avia-builder-el-last  av-inherit-size">
<h2 class="av-special-heading-tag" itemprop="headline">T R A N S P A R E N C I A</h2>
</div>
</div>
<div class="flex_column av-3q58a8-2e48a007efe13a01d036f709e33b180b av_one_half  avia-builder-el-19  el_after_av_one_half  avia-builder-el-last  flex_column_div ">
<section class="av_textblock_section av-d08ww-b8c38fc5bb009ed65378fb51fcb8efc5" itemscope="itemscope" itemtype="https://schema.org/CreativeWork">
<div class="avia_textblock" itemprop="text"></div>
</section>
</div>
<p>[/et_pb_text][/et_pb_column][/et_pb_row][/et_pb_section][et_pb_section fb_built=»1&#8243; _builder_version=»4.19.4&#8243; _module_preset=»default» global_colors_info=»{}»][et_pb_row column_structure=»1_2,1_2&#8243; _builder_version=»4.19.4&#8243; _module_preset=»default» global_colors_info=»{}»][et_pb_column type=»1_2&#8243; _builder_version=»4.19.4&#8243; _module_preset=»default» global_colors_info=»{}»][et_pb_text _builder_version=»4.19.4&#8243; _module_preset=»default» global_colors_info=»{}»]</p>
<h1><span>VISIÓN</span></h1>
<p><span>Transformar el conocimiento sobre la tecnología, digitalización e innovación en VALOR para nuestros clientes mediante servicios de calidad y excelencia en tecnología, permitiendo un crecimiento sostenible de la empresa y el desarrollo de las competencias tecnológicas de nuestros trabajadores.</span></p>
<p>[/et_pb_text][/et_pb_column][et_pb_column type=»1_2&#8243; _builder_version=»4.19.4&#8243; _module_preset=»default» global_colors_info=»{}»][et_pb_text _builder_version=»4.19.4&#8243; _module_preset=»default» global_colors_info=»{}»]</p>
<h1>M I S I Ó N</h1>
<div id="av_section_7" class="avia-section av-15ci2w-d0310af67cf3132581f07922599c0686 main_color avia-section-default avia-no-shadow  avia-builder-el-35  el_after_av_section  avia-builder-el-last  av-parallax-section avia-bg-style-parallax av-minimum-height av-minimum-height-50  container_wrap fullsize" data-section-bg-repeat="no-repeat" data-av_minimum_height_pc="50">
<div class="av-parallax active-parallax enabled-parallax " data-avia-parallax-ratio="0.3"></div>
</div>
<p><span>Nuestra misión es ofrecer un servicio de consultoría profesional, donde la elevada calidad de nuestros productos y servicios sea la base de nuestra diferenciación, con el claro objetivo de ayudar a las empresas a hacer de la innovación un factor clave en la mejora de su competitividad. Hallar soluciones globales a las necesidades en términos de innovación de nuestros clientes es nuestra prioridad.</span></p>
<p>[/et_pb_text][/et_pb_column][/et_pb_row][/et_pb_section]</p>

<p>P R O A C T I V I D A DNuestros servicios se centran en la gestión integral proactiva de todas las fuentes de financiación para la investigación desarrollo e innovación, también en la definición de estrategias avanzadas de innovación y en la sistematización del proceso de innovación para su fomento dentro de las [&hellip;]</p>
